{"id":651,"date":"2022-06-20T04:31:59","date_gmt":"2022-06-20T04:31:59","guid":{"rendered":"https:\/\/itexpertbf.com\/?page_id=651"},"modified":"2022-06-22T04:05:26","modified_gmt":"2022-06-22T04:05:26","slug":"formation","status":"publish","type":"page","link":"https:\/\/itexpertbf.com\/index.php\/formation\/","title":{"rendered":"Formations"},"content":{"rendered":"\t\t<div data-elementor-type=\"wp-page\" data-elementor-id=\"651\" class=\"elementor elementor-651\">\n\t\t\t\t\t\t<section class=\"elementor-section elementor-top-section elementor-element elementor-element-117d120 elementor-section-boxed elementor-section-height-default elementor-section-height-default\" data-id=\"117d120\" data-element_type=\"section\" data-e-type=\"section\">\n\t\t\t\t\t\t<div class=\"elementor-container elementor-column-gap-default\">\n\t\t\t\t\t<div class=\"elementor-column elementor-col-100 elementor-top-column elementor-element elementor-element-f66e373\" data-id=\"f66e373\" data-element_type=\"column\" data-e-type=\"column\">\n\t\t\t<div class=\"elementor-widget-wrap elementor-element-populated\">\n\t\t\t\t\t\t<div class=\"elementor-element elementor-element-ba355c6 elementor-widget-divider--view-line elementor-widget elementor-widget-divider\" data-id=\"ba355c6\" data-element_type=\"widget\" data-e-type=\"widget\" data-widget_type=\"divider.default\">\n\t\t\t\t<div class=\"elementor-widget-container\">\n\t\t\t\t\t\t\t<div class=\"elementor-divider\">\n\t\t\t<span class=\"elementor-divider-separator\">\n\t\t\t\t\t\t<\/span>\n\t\t<\/div>\n\t\t\t\t\t\t<\/div>\n\t\t\t\t<\/div>\n\t\t\t\t\t<\/div>\n\t\t<\/div>\n\t\t\t\t\t<\/div>\n\t\t<\/section>\n\t\t\t\t<section class=\"elementor-section elementor-top-section elementor-element elementor-element-2bafb95 elementor-section-boxed elementor-section-height-default elementor-section-height-default\" data-id=\"2bafb95\" data-element_type=\"section\" data-e-type=\"section\">\n\t\t\t\t\t\t<div class=\"elementor-container elementor-column-gap-default\">\n\t\t\t\t\t<div class=\"elementor-column elementor-col-100 elementor-top-column elementor-element elementor-element-6c2a1ff\" data-id=\"6c2a1ff\" data-element_type=\"column\" data-e-type=\"column\">\n\t\t\t<div class=\"elementor-widget-wrap elementor-element-populated\">\n\t\t\t\t\t\t<div class=\"elementor-element elementor-element-0e14c54 elementor-widget elementor-widget-image\" data-id=\"0e14c54\" data-element_type=\"widget\" data-e-type=\"widget\" data-widget_type=\"image.default\">\n\t\t\t\t<div class=\"elementor-widget-container\">\n\t\t\t\t\t\t\t\t\t\t\t\t\t\t\t<img decoding=\"async\" src=\"https:\/\/itexpertbf.com\/wp-content\/uploads\/elementor\/thumbs\/form-scaled-pqgb76neyiwrsba1f451trx83qqp40saj4o8iaf34w.jpg\" title=\"form\" alt=\"form\" loading=\"lazy\" \/>\t\t\t\t\t\t\t\t\t\t\t\t\t\t\t<\/div>\n\t\t\t\t<\/div>\n\t\t\t\t\t<\/div>\n\t\t<\/div>\n\t\t\t\t\t<\/div>\n\t\t<\/section>\n\t\t\t\t<section class=\"elementor-section elementor-top-section elementor-element elementor-element-305cc85 elementor-section-boxed elementor-section-height-default elementor-section-height-default\" data-id=\"305cc85\" data-element_type=\"section\" data-e-type=\"section\">\n\t\t\t\t\t\t<div class=\"elementor-container elementor-column-gap-default\">\n\t\t\t\t\t<div class=\"elementor-column elementor-col-100 elementor-top-column elementor-element elementor-element-5027b4c\" data-id=\"5027b4c\" data-element_type=\"column\" data-e-type=\"column\">\n\t\t\t<div class=\"elementor-widget-wrap elementor-element-populated\">\n\t\t\t\t\t\t<div class=\"elementor-element elementor-element-58218c2 elementor-widget elementor-widget-spacer\" data-id=\"58218c2\" data-element_type=\"widget\" data-e-type=\"widget\" data-widget_type=\"spacer.default\">\n\t\t\t\t<div class=\"elementor-widget-container\">\n\t\t\t\t\t\t\t<div class=\"elementor-spacer\">\n\t\t\t<div class=\"elementor-spacer-inner\"><\/div>\n\t\t<\/div>\n\t\t\t\t\t\t<\/div>\n\t\t\t\t<\/div>\n\t\t\t\t<div class=\"elementor-element elementor-element-e5afae3 elementor-widget elementor-widget-heading\" data-id=\"e5afae3\" data-element_type=\"widget\" data-e-type=\"widget\" data-widget_type=\"heading.default\">\n\t\t\t\t<div class=\"elementor-widget-container\">\n\t\t\t\t\t<span class=\"elementor-heading-title elementor-size-medium\">Dans le but de r\u00e9pondre \u00e0 la demande et aux exigences du march\u00e9 de l'emploi, IT EXPERT BF vous ouvre ses portes. Nous vous proposons des formations pratiques, professionnelles et extr\u00eamement qualifi\u00e9es qui feront de vous des experts de votre domaine. Choisir IT EXPERT BF, c'est choisir l'expertise<\/span>\t\t\t\t<\/div>\n\t\t\t\t<\/div>\n\t\t\t\t\t<\/div>\n\t\t<\/div>\n\t\t\t\t\t<\/div>\n\t\t<\/section>\n\t\t\t\t<section class=\"elementor-section elementor-top-section elementor-element elementor-element-b672be3 elementor-section-boxed elementor-section-height-default elementor-section-height-default\" data-id=\"b672be3\" data-element_type=\"section\" data-e-type=\"section\">\n\t\t\t\t\t\t<div class=\"elementor-container elementor-column-gap-default\">\n\t\t\t\t\t<div class=\"elementor-column elementor-col-100 elementor-top-column elementor-element elementor-element-422f83a\" data-id=\"422f83a\" data-element_type=\"column\" data-e-type=\"column\">\n\t\t\t<div class=\"elementor-widget-wrap elementor-element-populated\">\n\t\t\t\t\t\t<div class=\"elementor-element elementor-element-210b7d4 elementor-widget elementor-widget-spacer\" data-id=\"210b7d4\" data-element_type=\"widget\" data-e-type=\"widget\" data-widget_type=\"spacer.default\">\n\t\t\t\t<div class=\"elementor-widget-container\">\n\t\t\t\t\t\t\t<div class=\"elementor-spacer\">\n\t\t\t<div class=\"elementor-spacer-inner\"><\/div>\n\t\t<\/div>\n\t\t\t\t\t\t<\/div>\n\t\t\t\t<\/div>\n\t\t\t\t<div class=\"elementor-element elementor-element-b0978f9 elementor-widget elementor-widget-heading\" data-id=\"b0978f9\" data-element_type=\"widget\" data-e-type=\"widget\" data-widget_type=\"heading.default\">\n\t\t\t\t<div class=\"elementor-widget-container\">\n\t\t\t\t\t<h3 class=\"elementor-heading-title elementor-size-default\">Nos formations principales<\/h3>\t\t\t\t<\/div>\n\t\t\t\t<\/div>\n\t\t\t\t<div class=\"elementor-element elementor-element-f146235 elementor-widget elementor-widget-spacer\" data-id=\"f146235\" data-element_type=\"widget\" data-e-type=\"widget\" data-widget_type=\"spacer.default\">\n\t\t\t\t<div class=\"elementor-widget-container\">\n\t\t\t\t\t\t\t<div class=\"elementor-spacer\">\n\t\t\t<div class=\"elementor-spacer-inner\"><\/div>\n\t\t<\/div>\n\t\t\t\t\t\t<\/div>\n\t\t\t\t<\/div>\n\t\t\t\t\t<\/div>\n\t\t<\/div>\n\t\t\t\t\t<\/div>\n\t\t<\/section>\n\t\t\t\t<section class=\"elementor-section elementor-top-section elementor-element elementor-element-9d1eed4 elementor-section-boxed elementor-section-height-default elementor-section-height-default\" data-id=\"9d1eed4\" data-element_type=\"section\" data-e-type=\"section\">\n\t\t\t\t\t\t<div class=\"elementor-container elementor-column-gap-default\">\n\t\t\t\t\t<div class=\"elementor-column elementor-col-33 elementor-top-column elementor-element elementor-element-2588846\" data-id=\"2588846\" data-element_type=\"column\" data-e-type=\"column\">\n\t\t\t<div class=\"elementor-widget-wrap elementor-element-populated\">\n\t\t\t\t\t\t<div class=\"elementor-element elementor-element-9d719b2 elementor-widget elementor-widget-image\" data-id=\"9d719b2\" data-element_type=\"widget\" data-e-type=\"widget\" data-widget_type=\"image.default\">\n\t\t\t\t<div class=\"elementor-widget-container\">\n\t\t\t\t\t\t\t\t\t\t\t\t\t\t\t<img decoding=\"async\" src=\"https:\/\/itexpertbf.com\/wp-content\/uploads\/elementor\/thumbs\/odoo-logo-62B6A3D625-seeklogo.com_-pqo7oxaf7h55uly16ylog8fi8qb4lwoy0za74gzwhs.png\" title=\"odoo-logo-62B6A3D625-seeklogo.com\" alt=\"odoo-logo-62B6A3D625-seeklogo.com\" loading=\"lazy\" \/>\t\t\t\t\t\t\t\t\t\t\t\t\t\t\t<\/div>\n\t\t\t\t<\/div>\n\t\t\t\t\t<\/div>\n\t\t<\/div>\n\t\t\t\t<div class=\"elementor-column elementor-col-33 elementor-top-column elementor-element elementor-element-2df87d2\" data-id=\"2df87d2\" data-element_type=\"column\" data-e-type=\"column\">\n\t\t\t<div class=\"elementor-widget-wrap elementor-element-populated\">\n\t\t\t\t\t\t<div class=\"elementor-element elementor-element-98e1a90 elementor-widget elementor-widget-spacer\" data-id=\"98e1a90\" data-element_type=\"widget\" data-e-type=\"widget\" data-widget_type=\"spacer.default\">\n\t\t\t\t<div class=\"elementor-widget-container\">\n\t\t\t\t\t\t\t<div class=\"elementor-spacer\">\n\t\t\t<div class=\"elementor-spacer-inner\"><\/div>\n\t\t<\/div>\n\t\t\t\t\t\t<\/div>\n\t\t\t\t<\/div>\n\t\t\t\t<div class=\"elementor-element elementor-element-98b253a elementor-widget elementor-widget-image\" data-id=\"98b253a\" data-element_type=\"widget\" data-e-type=\"widget\" data-widget_type=\"image.default\">\n\t\t\t\t<div class=\"elementor-widget-container\">\n\t\t\t\t\t\t\t\t\t\t\t\t\t\t\t<img fetchpriority=\"high\" decoding=\"async\" width=\"1024\" height=\"576\" src=\"https:\/\/itexpertbf.com\/wp-content\/uploads\/2022\/06\/Microsoft-Power-BI-Symbol-1024x576.png\" class=\"attachment-large size-large wp-image-1031\" alt=\"\" srcset=\"https:\/\/itexpertbf.com\/wp-content\/uploads\/2022\/06\/Microsoft-Power-BI-Symbol-1024x576.png 1024w, https:\/\/itexpertbf.com\/wp-content\/uploads\/2022\/06\/Microsoft-Power-BI-Symbol-300x169.png 300w, https:\/\/itexpertbf.com\/wp-content\/uploads\/2022\/06\/Microsoft-Power-BI-Symbol-768x432.png 768w, https:\/\/itexpertbf.com\/wp-content\/uploads\/2022\/06\/Microsoft-Power-BI-Symbol-1536x864.png 1536w, https:\/\/itexpertbf.com\/wp-content\/uploads\/2022\/06\/Microsoft-Power-BI-Symbol-2048x1152.png 2048w, https:\/\/itexpertbf.com\/wp-content\/uploads\/2022\/06\/Microsoft-Power-BI-Symbol-920x518.png 920w, https:\/\/itexpertbf.com\/wp-content\/uploads\/2022\/06\/Microsoft-Power-BI-Symbol-230x129.png 230w, https:\/\/itexpertbf.com\/wp-content\/uploads\/2022\/06\/Microsoft-Power-BI-Symbol-350x197.png 350w, https:\/\/itexpertbf.com\/wp-content\/uploads\/2022\/06\/Microsoft-Power-BI-Symbol-480x270.png 480w\" sizes=\"(max-width: 1024px) 100vw, 1024px\" \/>\t\t\t\t\t\t\t\t\t\t\t\t\t\t\t<\/div>\n\t\t\t\t<\/div>\n\t\t\t\t\t<\/div>\n\t\t<\/div>\n\t\t\t\t<div class=\"elementor-column elementor-col-33 elementor-top-column elementor-element elementor-element-8cb2afc\" data-id=\"8cb2afc\" data-element_type=\"column\" data-e-type=\"column\">\n\t\t\t<div class=\"elementor-widget-wrap elementor-element-populated\">\n\t\t\t\t\t\t<div class=\"elementor-element elementor-element-626d60b elementor-widget elementor-widget-image\" data-id=\"626d60b\" data-element_type=\"widget\" data-e-type=\"widget\" data-widget_type=\"image.default\">\n\t\t\t\t<div class=\"elementor-widget-container\">\n\t\t\t\t\t\t\t\t\t\t\t\t\t\t\t<img decoding=\"async\" width=\"1024\" height=\"982\" src=\"https:\/\/itexpertbf.com\/wp-content\/uploads\/2022\/06\/modules_sap-1.jpeg\" class=\"attachment-large size-large wp-image-831\" alt=\"\" srcset=\"https:\/\/itexpertbf.com\/wp-content\/uploads\/2022\/06\/modules_sap-1.jpeg 1024w, https:\/\/itexpertbf.com\/wp-content\/uploads\/2022\/06\/modules_sap-1-300x288.jpeg 300w, https:\/\/itexpertbf.com\/wp-content\/uploads\/2022\/06\/modules_sap-1-768x737.jpeg 768w, https:\/\/itexpertbf.com\/wp-content\/uploads\/2022\/06\/modules_sap-1-920x882.jpeg 920w, https:\/\/itexpertbf.com\/wp-content\/uploads\/2022\/06\/modules_sap-1-230x221.jpeg 230w, https:\/\/itexpertbf.com\/wp-content\/uploads\/2022\/06\/modules_sap-1-350x336.jpeg 350w, https:\/\/itexpertbf.com\/wp-content\/uploads\/2022\/06\/modules_sap-1-480x460.jpeg 480w\" sizes=\"(max-width: 1024px) 100vw, 1024px\" \/>\t\t\t\t\t\t\t\t\t\t\t\t\t\t\t<\/div>\n\t\t\t\t<\/div>\n\t\t\t\t\t<\/div>\n\t\t<\/div>\n\t\t\t\t\t<\/div>\n\t\t<\/section>\n\t\t\t\t<section class=\"elementor-section elementor-top-section elementor-element elementor-element-786f0e7 elementor-section-boxed elementor-section-height-default elementor-section-height-default\" data-id=\"786f0e7\" data-element_type=\"section\" data-e-type=\"section\">\n\t\t\t\t\t\t<div class=\"elementor-container elementor-column-gap-default\">\n\t\t\t\t\t<div class=\"elementor-column elementor-col-33 elementor-top-column elementor-element elementor-element-205792d\" data-id=\"205792d\" data-element_type=\"column\" data-e-type=\"column\">\n\t\t\t<div class=\"elementor-widget-wrap elementor-element-populated\">\n\t\t\t\t\t\t<div class=\"elementor-element elementor-element-5c1aafb elementor-widget elementor-widget-heading\" data-id=\"5c1aafb\" data-element_type=\"widget\" data-e-type=\"widget\" data-widget_type=\"heading.default\">\n\t\t\t\t<div class=\"elementor-widget-container\">\n\t\t\t\t\t<h3 class=\"elementor-heading-title elementor-size-default\">Odoo<\/h3>\t\t\t\t<\/div>\n\t\t\t\t<\/div>\n\t\t\t\t\t<\/div>\n\t\t<\/div>\n\t\t\t\t<div class=\"elementor-column elementor-col-33 elementor-top-column elementor-element elementor-element-85d52bb\" data-id=\"85d52bb\" data-element_type=\"column\" data-e-type=\"column\">\n\t\t\t<div class=\"elementor-widget-wrap elementor-element-populated\">\n\t\t\t\t\t\t<div class=\"elementor-element elementor-element-4c32835 elementor-widget elementor-widget-heading\" data-id=\"4c32835\" data-element_type=\"widget\" data-e-type=\"widget\" data-widget_type=\"heading.default\">\n\t\t\t\t<div class=\"elementor-widget-container\">\n\t\t\t\t\t<h3 class=\"elementor-heading-title elementor-size-default\">Power BI<\/h3>\t\t\t\t<\/div>\n\t\t\t\t<\/div>\n\t\t\t\t\t<\/div>\n\t\t<\/div>\n\t\t\t\t<div class=\"elementor-column elementor-col-33 elementor-top-column elementor-element elementor-element-b0b5662\" data-id=\"b0b5662\" data-element_type=\"column\" data-e-type=\"column\">\n\t\t\t<div class=\"elementor-widget-wrap elementor-element-populated\">\n\t\t\t\t\t\t<div class=\"elementor-element elementor-element-baf90ec elementor-widget elementor-widget-heading\" data-id=\"baf90ec\" data-element_type=\"widget\" data-e-type=\"widget\" data-widget_type=\"heading.default\">\n\t\t\t\t<div class=\"elementor-widget-container\">\n\t\t\t\t\t<h3 class=\"elementor-heading-title elementor-size-default\">SAP Business One<\/h3>\t\t\t\t<\/div>\n\t\t\t\t<\/div>\n\t\t\t\t\t<\/div>\n\t\t<\/div>\n\t\t\t\t\t<\/div>\n\t\t<\/section>\n\t\t\t\t<\/div>\n\t\t","protected":false},"excerpt":{"rendered":"<p>Dans le but de r\u00e9pondre \u00e0 la demande et aux exigences du march\u00e9 de l&#8217;emploi, IT EXPERT BF vous ouvre ses portes. [&hellip;]<\/p>\n","protected":false},"author":1,"featured_media":0,"parent":0,"menu_order":0,"comment_status":"closed","ping_status":"closed","template":"page-templates\/page_fullwidth.php","meta":{"footnotes":""},"class_list":["post-651","page","type-page","status-publish","hentry"],"_links":{"self":[{"href":"https:\/\/itexpertbf.com\/index.php\/wp-json\/wp\/v2\/pages\/651","targetHints":{"allow":["GET"]}}],"collection":[{"href":"https:\/\/itexpertbf.com\/index.php\/wp-json\/wp\/v2\/pages"}],"about":[{"href":"https:\/\/itexpertbf.com\/index.php\/wp-json\/wp\/v2\/types\/page"}],"author":[{"embeddable":true,"href":"https:\/\/itexpertbf.com\/index.php\/wp-json\/wp\/v2\/users\/1"}],"replies":[{"embeddable":true,"href":"https:\/\/itexpertbf.com\/index.php\/wp-json\/wp\/v2\/comments?post=651"}],"version-history":[{"count":17,"href":"https:\/\/itexpertbf.com\/index.php\/wp-json\/wp\/v2\/pages\/651\/revisions"}],"predecessor-version":[{"id":1042,"href":"https:\/\/itexpertbf.com\/index.php\/wp-json\/wp\/v2\/pages\/651\/revisions\/1042"}],"wp:attachment":[{"href":"https:\/\/itexpertbf.com\/index.php\/wp-json\/wp\/v2\/media?parent=651"}],"curies":[{"name":"wp","href":"https:\/\/api.w.org\/{rel}","templated":true}]}}